h be (2 - 22)*f/(-4). Calculate the greatest common divisor of h and 50.
10
Suppose -4*b - 20 + 76 = 0. Let w = b + 2. Let r be 15/(-2)*32/(-6). What is the greatest common divisor of w and r?
8
Let q = 7 - 4. Let t(m) = 3*m + 3. Let u be t(6). What is the highest common divisor of u and q?
3
Suppose -3*k + 6 = -4*x + x, 5*x + 3*k = 6. Suppose 5*a - 16 - 14 = x. What is the greatest common factor of a and 66?
6
Let y = -42 + 140. What is the greatest common divisor of 14 and y?
14
Let r(m) = -m**3 + 6*m**2 + 8*m - 7. Let a be r(7). Let w = 3 - a. Let b be -20*-7*w/6. What is the greatest common divisor of b and 10?
10
Suppose d = 3*l + 10 + 18, -4*l - 46 = -2*d. Let a = 25 - d. Calculate the greatest common factor of a and 8.
4
Suppose 4*g = 3*v + 84, -g + 3*v - 8*v = -21. What is the greatest common divisor of g and 3?
3
Let a be (-2)/3 - (-80)/30. Let n = a - -6. Suppose 60 = 5*c - 0. What is the highest common factor of c and n?
4
Suppose -3*c - 82 = -262. Calculate the highest common factor of c and 45.
15
Suppose 5*t + 1 = t - j, 3*t + 17 = -4*j. Suppose -w + 4 = -t. Suppose -w*b = 1 - 281. What is the greatest common factor of 7 and b?
7
Suppose -2*w + 100 = -26. What is the greatest common factor of w and 9?
9
Let c be (7 - (4 + -3))*(-14)/(-6). What is the highest common divisor of 2 and c?
2
Let k be -7*(0 + (-3)/3). Suppose -2*w = -k + 1. Suppose 0 = v + 2*u - w, -v - 2 = 4*u + 5. Calculate the greatest common divisor of v and 39.
13
Suppose 2*n + 2 = -3*y, -11 = -4*y + 5*n + 17. Calculate the highest common factor of y and 2.
2
Suppose 27 = 5*l - 33. Let s be 171/(-6)*4/(-3). Let p = 56 - s. What is the highest common factor of l and p?
6
Let w = 30 - 17. What is the highest common divisor of 26 and w?
13
Let f be (12/(-9) - -2)*72. Suppose -2*w + 60 = 3*w. What is the highest common divisor of f and w?
12
Let x be ((-9)/6*24)/(-2). What is the greatest common divisor of x and 6?
6
Let v(y) = 2*y**2 + 7*y + 5. Let x be v(-4). Calculate the greatest common factor of 27 and x.
9
Let r = 14 - 7. Suppose 3*q - 323 = -4*s, s - 97 = -6*q + 2*q. Calculate the greatest common divisor of r and s.
7
Suppose n = 4*n + k + 4, -14 = 5*n - 2*k. Let i be (0 + -3)/(n/10). Calculate the greatest common divisor of 45 and i.
15
Let y(b) = b**3 - 2*b**2 + 3*b - 6. Let w be y(3). Let q be 78/4*40/w. Calculate the highest common factor of 13 and q.
13
Let u be 21 - ((2 - 4)/(-2) + 0). What is the greatest common divisor of u and 10?
10
Suppose 16*w + 33 = 17*w. What is the highest common factor of 3 and w?
3
Let r be (30/25)/((-2)/(-70)). Let q be 1*-31 - (-5)/5. Let u = r + q. Calculate the highest common divisor of u and 60.
12
Let x = -432 + 675. Calculate the highest common divisor of x and 27.
27
Let n(r) = 2*r + 1. Let k be n(1). Suppose -y - k*y = 4*m - 64, m = -2*y + 21. What is the highest common divisor of 11 and m?
11
Let h = -11 - -23. Calculate the greatest common factor of 36 and h.
12
Let x(l) be the third derivative of 43*l**4/24 + l**3/6 + 3*l**2. Let z be x(1). Suppose -2*w - 8 + z = 0. What is the greatest common factor of w and 27?
9
Let d = -2 - -12. Let v be (0 - 2) + (d - -34). Suppose 4*n + 41 = 4*x + 5, -5*n = 15. What is the greatest common divisor of x and v?
6
Let u(j) = -79*j + 1. Let r(c) = -c + 1. Let q be r(2). Let n be u(q). What is the highest common factor of n and 10?
10
Suppose -5 = 4*m - 17. Suppose -5*a + 612 = -4*o, 0*a + m*a - 357 = -o. Let u be (1 + -1 + 6)*8. Calculate the highest common factor of u and a.
24
Let t be 1*(-2 + 1)*(-3 + -42). What is the greatest common factor of 9 and t?
9
Let n(g) = g**3 - 7*g**2 + 5*g + 7. Let u be n(6). Let c = 0 - u. Let w be 2*(4 - 0/c). What is the highest common factor of w and 12?
4
Suppose 0 = 3*f + 3*m - 159, 5*f + m - 2*m = 289. Let k = f - 41. Calculate the highest common factor of 4 and k.
4
Suppose 93 = -5*i + 3*z, 5*i + 0*i = 4*z - 89. Let n be (1/2)/(i/(-630)). Let c = 6 + -3. Calculate the highest common divisor of c and n.
3
Suppose -v = -0*v - 75. What is the highest common divisor of v and 30?
15
Let r(j) = j + 1. Let q be r(0). Calculate the highest common factor of 11 and q.
1
Suppose -3*r = -2*t - 40, -2*t + 27 = 2*r - 3*t. Let k = 23 + -16. Calculate the highest common divisor of k and r.
7
Suppose -42 = -p + w, -72 = -2*p - 0*w - 4*w. Suppose 49 - 166 = -2*d + h, 5*d - 5*h - 285 = 0. Calculate the highest common factor of d and p.
20
Suppose 2*f - 3*r - 2*r - 65 = 0, -85 = -4*f + r. Let l be (-2)/(2/(11 - -1)). Let a be ((-12)/(-7))/(l/(-210)). What is the greatest common divisor of a and f?
10
Let w = -10 + 41. What is the highest common factor of w and 124?
31
Let w(a) = a + 11. Let o be w(-8). Let g be 485/25 + o/5. Calculate the greatest common divisor of g and 8.
4
Let p(l) = l**3 + 7*l**2 + 2*l + 4. Let g be p(-5). Let u = 9 + -5. What is the highest common factor of g and u?
4
Suppose 0*l = l. Suppose -4*t - 2*m + 426 = l, 0 = -3*t - m - 4*m + 337. Calculate the greatest common factor of 13 and t.
13
Suppose 0 = -5*a - 2*l + 141, 3*a - 29 = 2*l + 46. Let j be (3/4)/((-1)/(-12)). What is the highest common factor of j and a?
9
Let o(y) = -y**3 + 5*y**2 - 4*y + 1. Let i be ((-3)/(-9))/(2/18). Let h be o(i). Calculate the greatest common divisor of 77 and h.
7
Suppose -4*a = -42 - 134. Let h(s) = s**3 + 7*s**2 + s - 3. Let y be h(-4). Suppose 0 = -3*c - 8 + y. What is the greatest common factor of a and c?
11
Suppose 2*h = -0*h + 72. Suppose 0 = -o + 5*o - h. Let b be (105/(-10))/((-1)/6). Calculate the greatest common divisor of o and b.
9
Let b be (8/5)/((-1)/(-35)). Suppose b = 3*l + 5*h - 39, -220 = -5*l + 4*h. Calculate the greatest common divisor of l and 8.
8
Suppose 4*l - 56 = 72. Calculate the highest common divisor of 48 and l.
16
Suppose -134 - 550 = -6*k. Calculate the highest common factor of 38 and k.
38
Let z = -4 - -40. Suppose -3*m + 192 - 57 = 0. Suppose g + m = 6*g. What is the highest common divisor of g and z?
9
Let c = -61 + 73. Let b(v) = -v**3 - 6*v**2 + 11*v + 10. Let k be b(-8). Let w = -2 + k. Calculate the highest common divisor of c and w.
12
Let h = 50 + -45. Calculate the highest common divisor of 45 and h.
5
Let j(p) = p + 12. Let y be j(-9). Suppose y*a - 81 = -0*a. What is the highest common factor of a and 18?
9
Let d = -70 - -98. Calculate the greatest common factor of 14 and d.
14
Let h = -10 + 12. Let v(m) = -2*m - 4. Let u be v(-6). What is the highest common factor of h and u?
2
Let g = 9 + -2. Suppose -5 = 5*y + u - 6*u, g = 5*y + u. Calculate the greatest common factor of y and 1.
1
Suppose 4*r = -7 + 3, 0 = 3*g - 5*r - 14. Let h be g + -1 - (-1 - 0). Suppose o + 28 = 2*m - 3*o, 0 = -h*o. What is the highest common divisor of 21 and m?
7
Let p = 2 + -6. Let f(x) = 3*x**2 + 5*x - 4. Let c be f(p). What is the highest common factor of c and 16?
8
Let b(o) = -o**3 - 3*o**2 + 5*o + 6. Let a be b(-4). Let r = 6 - a. What is the greatest common divisor of 4 and r?
4
Let m = -27 - -43. Let u(s) = -s**3 - 5*s**2 - 6*s - 6. Let c be -7 - (-1 + 0 + -1). Let k be u(c). What is the greatest common divisor of k and m?
8
Let y(a) = 0*a + 3 + 3*a - 12. Let f = 14 - 7. Let o be y(f). What is the greatest common divisor of 84 and o?
12
Suppose 4*m - 5*x = 37, 43 = 3*m - 2*x + 17. Suppose 5*y - 57 - 23 = 0. What is the greatest common factor of m and y?
8
Let z = -22 - -29. Suppose 136 = 4*l - 4*t, -t - 71 = -2*l - 2*t. Calculate the greatest common divisor of l and z.
7
Suppose -5*v + 3 = -22. Suppose 4*b - v*b + 22 = -4*q, 0 = -2*b - 3*q - 11. Calculate the greatest common factor of 3 and b.
1
Let c(q) = q**3 - 7. Let n be c(3). Calculate the highest common factor of n and 180.
20
Let o be (-6)/(-8) + (-9)/12. Suppose o = -5*a + 2*a + 42. What is the highest common factor of a and 7?
7
Let y = 74 - 43. Calculate the highest common factor of 93 and y.
31
Let z be (0 - 38/(-2)) + 1. What is the greatest common divisor of z and 20?
20
Suppose h + 4*z = 56, -h - 3*h + 5*z + 119 = 0. What is the greatest common divisor of h and 4?
4
Suppose -6*j + 11*j - 143 = 4*k, 2*j - 5*k = 64. What is the greatest common factor of j and 3?
3
Let q be (-2)/8 + 42/8. Suppose n = -a - 2*a + 64, 3*a = 9. Suppose f + n = 2*f. What is the highe